inder when f is divided by 18 - (-7)/4*-4.
7
Calculate the remainder when 12/(-20) - 168/(-5) is divided by 2/(-13) + (-5673)/(-793).
5
Let j(i) = i**3 - 41*i**2 + 114*i + 15. Calculate the remainder when (-4)/6 - 256/(-6) is divided by j(38).
12
Let i be (6/(-5))/((-1)/10). Let q(a) = 7*a**2 + a. Let f be q(1). Calculate the remainder when 30 is divided by 135/i - 2/f.
8
Suppose 4*u - a - 7 = 0, 3*u - 4*a = -2*a - 1. Let i be 6/(-3) + (-5 - -1). What is the remainder when (i/5)/(4/(-20)) is divided by u?
0
Suppose 0 = i + 6 - 219. Let z = i - 207. Let o(r) = r**3 + r**2 + 4*r - 2. What is the remainder when o(3) is divided by z?
4
Suppose 2418 = 4*a + 238. Calculate the remainder when a is divided by 39.
38
Suppose -6*y = -7*y - 5. Let h(q) = -q**2 - 6*q. Calculate the remainder when h(y) is divided by 5.
0
What is the remainder when -16 + 11 + -3 - -63 is divided by 10?
5
Suppose 4*m + 5*k = 23, 3*m + 8 = 2*m - 4*k. Suppose 20*t = 4*w + 22*t - 228, 2*w = 4*t + 134. Calculate the remainder when w is divided by m.
11
Let t = 1695 - 1383. Calculate the remainder when t is divided by 55.
37
Suppose 2*w - 3 = 23. Let i = -1559 - -1596. What is the remainder when i is divided by w?
11
Let o = -49 - -85. Calculate the remainder when 70 is divided by o.
34
Let c(z) = z**3 - 13*z**2 - 9*z - 22. Let y be c(13). Let f = -117 - y. Calculate the remainder when 217 is divided by f.
19
Let z(u) = 20*u - 4. Let j be z(6). Suppose 2*y + 72 = 3*h, -4*h + 2*y - 6*y = -j. Calculate the remainder when h is divided by 8.
2
Let n(y) = 49*y**3 + 3*y**2 + 5*y - 7. What is the remainder when 110 is divided by n(1)?
10
Let f be -4 + 3 + -5 + 9. Suppose h + 104 = 4*m - f*h, 2*m - h - 47 = 0. What is the remainder when m is divided by 17?
4
Let h = -1 - -5. Suppose 3*q - 13 = -h. Suppose -127 = -q*g + a, -2*g + 5*a - 163 = -6*g. Calculate the remainder when 82 is divided by g.
40
Suppose -1302 = -15*m - 16*m. Calculate the remainder when 333 is divided by m.
39
Suppose 5*q - 50 = -5. Let v = 11 - q. Suppose -2*x = -4*n - 76, 3*x = -v*n + 65 + 17. Calculate the remainder when x is divided by 16.
14
Let x = 68 - -11. Let p = x - -59. Calculate the remainder when p is divided by 28.
26
Suppose 5*x = 10*w - 12*w + 66, x - 4*w = 0. Suppose -2*o - 3*o + 3*c = -337, 0 = -5*o - 3*c + 313. Calculate the remainder when o is divided by x.
5
Suppose 4*g - 2*u = 292, -2*g - 15 + 153 = u. Calculate the remainder when 424 is divided by g.
69
Let b = -25 + 31. Let x = b - -1. Calculate the remainder when 24 is divided by x.
3
Suppose -3*b + g = -13, 2*g = b + 7*g - 15. Suppose -v = t - b*v - 15, -3*t + 3*v + 27 = 0. What is the remainder when 26 is divided by t?
5
Suppose -4*c - 16 + 80 = 0. Let g = -12 + 21. What is the remainder when c is divided by g?
7
Let v be 1 + 1/2*-2*1. Let h = 9 - v. What is the remainder when 34 is divided by h?
7
Let m = 15 + 13. Suppose 2*j - 4*j = -m. What is the remainder when j is divided by 4?
2
Let g(k) = k**3 - 12*k**2 - 13*k + 11. Let x be g(13). Suppose 2*s - x = 2*c + 39, -4*c = 4*s - 76. What is the remainder when 41 is divided by s?
19
Suppose -4*z = 3*h - 313, -298 = -4*z + h + h. Let t = z + -53. Calculate the remainder when (-5675)/(-125) + (-9)/(-15) + -1 is divided by t.
22
Let o(y) = y**2 + 13*y + 8. Calculate the remainder when o(-20) is divided by 5.
3
Let a(j) = 7*j**2 - 7*j - 5. Let d(l) = -13*l**2 + 15*l + 11. Let n(c) = 13*a(c) + 6*d(c). Calculate the remainder when 23 is divided by n(1).
10
What is the remainder when 191 is divided by (-62)/(-2) - (-3 + 10)?
23
Suppose -6*j + 3*j + 2*a = -14, -j = a - 13. Calculate the remainder when 93 is divided by j.
5
Suppose 169 = 3*o - 4*p, -5*o = 4*p - 236 - 67. What is the remainder when 173 is divided by o?
55
Let n(f) = 3*f - 2*f + f**2 - 11 - f - 2*f. Calculate the remainder when n(12) is divided by 22.
21
Let d(g) = 4*g**2 + 35*g + 227. What is the remainder when d(-7) is divided by 93?
85
Suppose 3*v + 0*o = -o + 26, -5*v = 4*o - 34. Let h(n) = -4 - 37*n + 14*n + n**2 + 8*n + 8*n. What is the remainder when h(v) is divided by 7?
5
Let z(n) = -3*n + 4. Suppose 19 = -6*g + 1. What is the remainder when 22 is divided by z(g)?
9
Suppose -18 = -27*c + 279. What is the remainder when 93 is divided by c?
5
Let f(a) = -a + 15. Let r(d) = d + 20. Let h be r(-14). What is the remainder when 742/49 - (-2)/(-14) is divided by f(h)?
6
Let y(g) = g**2 - 6*g - 7. Suppose 0 = -k - 3*s + 10, -3*s + 4*s + 34 = 5*k. Calculate the remainder when y(-4) is divided by k.
5
Suppose -5*p + 35 = -4*a, 4*p + 2*a + a - 28 = 0. Suppose p = -v + 2, -4*q - v + 667 = 0. What is the remainder when q is divided by 19?
16
Let a(g) = 2*g**2 - 2*g + 4. Let l be a(3). Suppose -l = -4*j, 4*j = u - 3 - 1. What is the remainder when -2 - (2/4)/(1/(-122)) is divided by u?
19
Let m be 6 - (4 - (2 - -1)). Suppose m*o + 50 = 3*y, 5*y - 2*o - 34 = 24. Calculate the remainder when y is divided by 3.
1
Let q be (-2)/14 + 2775/21. Suppose 2*u + 3*z = 5*u - q, -4*u + z + 167 = 0. What is the remainder when u/(3/(5 - 2)) is divided by 11?
8
Calculate the remainder when (79 - (15 + -16)) + 0 + -5 is divided by 40.
35
Let b be (-5)/((-3 - -4) + -2). Suppose b*i = i + 68. What is the remainder when i is divided by (-3)/(1 + (-16)/10)?
2
Suppose 32 = -5*q + 177. Calculate the remainder when 289 is divided by q.
28
Let r(s) = s**3 - 4*s**2 - 15*s + 11. What is the remainder when r(7) is divided by 11?
9
Let b be ((-136)/(-20))/((-3)/(-15)). Suppose 3*g = -1 + b. What is the remainder when 52 is divided by g?
8
Let t = -8 - -10. Let v = -2 - -22. Suppose 2 = -4*m - t, 2*f + 4*m = v. Calculate the remainder when 22 is divided by f.
10
Suppose 0*l = -3*l + 42. Let s(q) = 5*q - 27. Let n be s(6). Suppose n*w + u = -3*u + 146, -120 = -2*w + 3*u. What is the remainder when w is divided by l?
12
Let g(a) = -12*a - 29. Calculate the remainder when 331 is divided by g(-8).
63
Suppose -20 = -4*i, y = 5*i + 8 + 13. What is the remainder when y is divided by 12?
10
Let y(g) = g**2 - 15*g + 16. Let q be y(14). Suppose -2*m = 5*w - 423, -q*w + 0*m + 150 = -4*m. What is the remainder when w is divided by 17?
15
Suppose 3*x = -99*b + 94*b + 141, 5*b + 5*x - 135 = 0. What is the remainder when 91 is divided by b?
1
Let x(q) = -2*q - 13. Let t be x(-8). Suppose t*b + 41 = 2*l, 41 + 1 = 2*l - 4*b. Calculate the remainder when (-5 - (-3 - -2)) + l is divided by 8.
7
Suppose -96 = -9*l + 4*l - 2*g, -2*l - 5*g + 30 = 0. What is the remainder when 30 is divided by l?
10
Let f = 1 + 1. Suppose 0 = k - 3*t - 46, -f*t = -5*k - 117 + 412. Calculate the remainder when k is divided by 32.
29
Let u = -2163 + 2334. Calculate the remainder when u is divided by 86.
85
Suppose -2*p + 930 = 8*p. Calculate the remainder when p is divided by 49.
44
Suppose p - 7*p = -120. Let b(z) = z + 25. Calculate the remainder when b(13) is divided by p.
18
Let h(a) = 70*a - 123. What is the remainder when h(5) is divided by 11?
7
Let u = 28 - 14. Let y = -23 + 14. Calculate the remainder when 488/12 - 3/y is divided by u.
13
Suppose 4 = -2*m + 3*m. Let d = -22 - -19. Let a(h) = h**3 + 5*h**2 + 2*h - 3. What is the remainder when a(d) is divided by m?
1
Let s(v) = -v**2 - 15*v - 5. What is the remainder when s(-13) is divided by 12?
9
Let h(c) = -7*c**3 - 7*c**2 - 7*c - 1. Let s = 45 - 27. Suppose -71 = -4*u + 3*r, 5*r - s - 13 = -4*u. Calculate the remainder when u is divided by h(-1).
2
Let j(n) = 0*n**2 + n**2 + 2*n**3 + 10*n**3 + 3*n**3 - 1. Let w = 86 - 45. Calculate the remainder when w is divided by j(1).
11
Suppose -4*z = -19 - 5. Let o(t) = 2*t**2 + t - 6. Calculate the remainder when o(z) is divided by 26.
20
Let o = 168 + -113. Calculate the remainder when o is divided by 23.
9
Suppose 329 = 2*b - 5*c, b - c + 3*c - 151 = 0. What is the remainder when b is divided by 46?
19
Let h = -26 - -29. Suppose -2*a + 5*w = 31, -h*w = -3*a - 2*w - 14. Let u = a + 17. What is the remainder when 68 is divided by u?
12
Suppose -4*l = -3*n + 29, 7*n - 19 = 3*l + 2*n. Let j = 13 + l. What is the remainder when 4 - (-4 + (-4 - -1)/3) is divided by j?
4
Let p = -4 - -6. Suppose -p*j = -4*q + 32, 12 = 4*q + 3*j - 0*j. Let g(w) = w**3 - 11*w**2 + 11*w - 7. Calculate the remainder when q is divi